1020 (base 4) to base 3.
10221222
Convert 862 (base 9) to base 2.
1011000000
Convert -44608 (base 9) to base 6.
-345142
Convert -122000 (base 5) to base 7.
-16325
What is -51 (base 10) in base 2?
-110011
4bb (base 13) to base 16
33e
What is -102 (base 9) in base 5?
-313
What is ac5 (base 14) in base 15?
973
What is 303310 (base 5) in base 10?
9830
Convert -205 (base 8) to base 7.
-250
3417 (base 12) to base 9
7831
142422 (base 5) to base 15
1b92
-19fc (base 16) to base 14
-25d2
Convert 1b5c (base 16) to base 5.
211004
What is -10b6 (base 16) in base 8?
-10266
-a5 (base 16) to base 3
-20010
What is 1000 (base 7) in base 4?
11113
What is 1001122 (base 3) in base 6?
3325
Convert -106 (base 16) to base 15.
-127
Convert -1000000101011 (base 2) to base 6.
-31055
What is -5160 (base 8) in base 5?
-41142
6115 (base 7) to base 16
847
-43 (base 11) to base 5
-142
585 (base 10) to base 11
492
-137 (base 13) to base 14
-115
Convert 12000 (base 8) to base 14.
1c1a
What is 144a (base 13) in base 2?
101101110111
What is 343 (base 8) in base 11?
197
Convert 76a (base 11) to base 10.
923
42342 (base 7) to base 14
3b59
-66650 (base 10) to base 15
-14b35
What is -270 (base 13) in base 8?
-655
Convert 2313302 (base 4) to base 7.
46202
Convert -2135 (base 6) to base 8.
-753
-359 (base 12) to base 7
-1314
1003210 (base 4) to base 12
2604
15588 (base 14) to base 13
1b301
1235 (base 9) to base 14
49d
What is -54a4 (base 14) in base 4?
-3210320
What is 10000101000010 (base 2) in base 16?
2142
Convert 64 (base 14) to base 6.
224
Convert 1101 (base 2) to base 8.
15
-23145 (base 7) to base 4
-1130121
Convert -1434323 (base 5) to base 3.
-1112221220
Convert 74 (base 11) to base 12.
69
Convert 3a78 (base 14) to base 11.
7812
What is 1100000111 (base 2) in base 9?
1051
122707 (base 8) to base 4
22113013
What is 377 (base 14) in base 6?
3113
Convert -13641 (base 10) to base 5.
-414031
What is 470 (base 13) in base 2?
1011111111
What is -8100 (base 9) in base 4?
-1130121
What is -751 (base 11) in base 5?
-12103
What is 5737 (base 13) in base 3?
121202101
What is -3b3c (base 13) in base 7?
-33533
What is -22168 (base 11) in base 3?
-1122002100
Convert -3173 (base 9) to base 3.
-10012110
-2521 (base 9) to base 12
-110a
Convert 101001110001110 (base 2) to base 3.
1002100020
69 (base 12) to base 8
121
Convert -1506 (base 14) to base 13.
-190c
-1021211220 (base 3) to base 5
-1303104
What is -13305 (base 8) in base 4?
-1123011
25015 (base 9) to base 3
212000112
What is 25442 (base 6) in base 11?
2983
Convert -1011202 (base 3) to base 10.
-857
Convert d29 (base 14) to base 15.
b75
bddb (base 16) to base 14
139d9
What is 20000120 (base 3) in base 2?
1000100100101
Convert 1000233 (base 5) to base 3.
210112020
Convert -1201120102 (base 3) to base 6.
-421102
Convert -b8 (base 12) to base 3.
-12012
What is -a254 (base 15) in base 2?
-1000010111100111
Convert 444d (base 15) to base 13.
6784
Convert -110011000011 (base 2) to base 3.
-11111000
-10020222012 (base 3) to base 14
-1952a
What is 287d (base 15) in base 2?
10000111011100
What is 1350 (base 8) in base 13?
453
410 (base 5) to base 13
81
-694 (base 12) to base 3
-1100011
What is -1211 (base 7) in base 16?
-1c1
-843 (base 11) to base 15
-47a
-1110111101110010 (base 2) to base 11
-42066
5844 (base 15) to base 12
aa17
Convert 868 (base 11) to base 12.
72a
Convert -404 (base 16) to base 9.
-1362
-2002100 (base 3) to base 14
-7a9
97ca (base 13) to base 9
31868
5771 (base 8) to base 6
22105
What is 1d05 (base 15) in base 10?
6305
-11110001011 (base 2) to base 7
-5426
Convert 241 (base 16) to base 10.
577
What is 1000111110 (base 2) in base 4?
20332
Convert -1222 (base 7) to base 13.
-292
1120121 (base 3) to base 10
1150
34304 (base 5) to base 4
212112
What is 85bb (base 12) in base 13?
68ba
Convert 1111101011000000 (base 2) to base 4.
33223000
22388 (base 11) to base 10
32403
Convert -230 (base 6) to base 7.
-156
-643 (base 7) to base 9
-401
-212654 (base 7) to base 10
-37034
What is -223424 (base 7) in base 3?
-2000101212
Convert 4ba (base 15) to base 6.
4551
Convert 2163 (base 11) to base 3.
10220122
Convert 3 (base 8) to base 10.
3
Convert -7401 (base 8) to base 15.
-1211
Convert 189 (base 15) to base 3.
111010
-38b4 (base 15) to base 14
-459c
What is 132266 (base 7) in base 4?
12010022
What is 620 (base 7) in base 11?
260
What is 4a75 (base 11) in base 5?
202431
What is 12031322 (base 4) in base 10?
25466
What is 11020 (base 4) in base 12?
234
3371 (base 15) to base 5
322111
Convert -122003 (base 5) to base 11.
-3528
Convert -3197 (base 15) to base 8.
-24374
What is -525 (base 7) in base 11?
-220
What is 21381 (base 12) in base 11?
2a944
-16c (base 14) to base 12
-204
Convert -71c5 (base 15) to base 16.
-5de3
What is 30112 (base 4) in base 14?
406
What is 1039 (base 14) in base 2?
101011101011
What is 1221201 (base 3) in base 11?
1084
Convert 349 (base 12) to base 4.
13221
43450 (base 6) to base 13
2970
-286 (base 15) to base 5
-4301
What is 1516 (base 16) in base 5?
133043
What is -81 (base 14) in base 11?
-a3
25894 (base 11) to base 13
13aca
6125 (base 15) to base 6
234542
Convert 13591 (base 10) to base 16.
3517
What is -3777 (base 11) in base 2?
-1001100111100
Convert 40727 (base 8) to base 14.
61dd
Convert -3201231 (base 4) to base 12.
-8439
Convert 10526 (base 7) to base 12.
1662
What is -2b0 (base 13) in base 8?
-741
-258 (base 16) to base 6
-2440
Convert -35ca (base 14) to base 12.
-5526
Convert -1031110 (base 4) to base 2.
-1001101010100
What is 1173 (base 8) in base 7?
1565
What is -13aa (base 12) in base 2?
-100011110010
-1402041 (base 5) to base 2
-110111011101100
-7f8c (base 16) to base 9
-48710
-1fd1 (base 16) to base 14
-2d7b
What is 525 (base 8) in base 9?
418
Convert 3886 (base 10) to base 8.
7456
What is 1500 (base 11) in base 8?
3620
What is -674 (base 9) in base 7?
-1420
What is 2002021111 (base 3) in base 6?
513534
What is 1110110110 (base 2) in base 7?
2525
Convert 1b12 (base 15) to base 16.
16eb
Convert 135 (base 9) to base 2.
1110001
-1063 (base 8) to base 5
-4223
What is 10010011001000 (base 2) in base 8?
22310
Convert 26a0 (base 12) to base 11.
3377
-1b1a5 (base 12) to base 2
-1001110001001101
2340 (base 5) to base 2
101011001
What is -111310 (base 6) in base 2?
-10010010111010
-3908 (base 13) to base 5
-224440
What is 4b4 (base 13) in base 16?
337
30035 (base 6) to base 2
111101000111
Convert -229 (base 11) to base 3.
-101010
-784 (base 9) to base 3
-212211
-3782 (base 10) to base 5
-110112
-154 (base 12) to base 11
-17a
201222 (base 3) to base 8
1033
Convert -6578 (base 10) to base 16.
-19b2
Convert -39658 (base 10) to base 2.
-1001101011101010
Convert 2033 (base 12) to base 13.
178b
What is 120120 (base 3) in base 5?
3140
-7408 (base 11) to base 2
-10011001010001
2103 (base 4) to base 9
173
-15384 (base 9) to base 15
-31ba
Convert -717 (base 11) to base 5.
-11430
What is -1500 (base 11) in base 15?
-891
12213 (base 5) to base 10
933
1212200021 (base 3) to base 5
2140233
-159a (base 11) to base 5
-31140
What is 142401 (base 5) in base 8?
13530
21731 (base 8) to base 16
23d9
Convert 5c5 (base 15) to base 9.
1715
-25747 (base 8) to base 3
-120102021
154 (base 13) to base 11
1a7
What is -20c2 (base 15) in base 2?
-1101100010100
-10011001001110 (base 2) to base 16
-264e
1222202 (base 3) to base 13
878
Convert -37057 (base 9) to base 6.
-310554
What is -1001000111100101 (base 2) in base 12?
-19745
What is 10100111011011 (base 2) in base 3?
112200212
What is -11ab (base 13) in base 2?
-100111001011
What is 118 (base 12) in base 9?
202
2313131 (base 4) to base 8
26735
Convert -10010000010 (base 2) to base 4.
-102002
45366 (base 8) to base 7
106643
What is -43b (base 12) in base 14?
-327
What is -342 (base 7) in base 10?
-177
Convert -397 (base 15) to base 9.
-1107
17454 (base 11) to base 8
57665
5b5 (base 15) to base 13
788
What is -66c1 (base 13) in base 10?
-14353
122b (base 16) to base 7
16363
-12985 (base 12) to base 16
-63f5
What is 1018 (base 9) in base 11?
619
2300201 (base 5) to base 16
9ee4
What is 21101130 (base 4) in base 15?
b3c0
Convert 2102321 (base 5) to base 8.
103627
What is -943 (base 16) in base 14?
-c15
-1112 (base 15) to base 3
-11221222
Convert 300333 (base 7) to base 16.
c5a0
What is 314